
True
Is 10651 composite?
False
Is 7031 composite?
True
Is 361531 a prime number?
True
Is 9277 a prime number?
True
Is 12745 prime?
False
Is 389 composite?
False
Is 136111 composite?
False
Is 20239 a composite number?
True
Is 59197 a prime number?
True
Is 27746 a composite number?
True
Is 12031 composite?
True
Is 3593 composite?
False
Is 126505 a prime number?
False
Is 132947 a composite number?
False
Is 2434 prime?
False
Is 34361 prime?
True
Is 1291349 prime?
True
Is 132295 composite?
True
Is 57917 composite?
False
Is 163131 prime?
False
Is 5777 a composite number?
True
Is 4111 a composite number?
False
Is 127 composite?
False
Is 6090299 a prime number?
True
Is 10057 a composite number?
True
Is 158666 prime?
False
Is 327533 a composite number?
True
Is 16391 prime?
False
Is 22699 a prime number?
True
Is 16237 prime?
False
Is 10357 a composite number?
False
Is 1706897 a prime number?
True
Is 3371947 a prime number?
True
Is 211441 composite?
False
Is 7041 prime?
False
Is 83023 a prime number?
True
Is 18803 composite?
False
Is 596795 a composite number?
True
Is 292909 a composite number?
False
Is 56983 composite?
False
Is 2389 composite?
False
Is 170627 prime?
True
Is 141863 a composite number?
False
Is 35177 composite?
True
Is 252949 a composite number?
False
Is 8803 prime?
True
Is 25841 composite?
False
Is 2371627 a composite number?
False
Is 41935 a prime number?
False
Is 147601 a composite number?
True
Is 47111 a composite number?
False
Is 219841 composite?
True
Is 4261177 a prime number?
True
Is 92362 a prime number?
False
Is 504971 composite?
True
Is 46801 composite?
True
Is 6547 composite?
False
Is 535919 a prime number?
True
Is 4739 composite?
True
Is 34057 a composite number?
False
Is 36149 composite?
True
Is 1095659 a prime number?
False
Is 61405 prime?
False
Is 8387 prime?
True
Is 32169 prime?
False
Is 86447 a prime number?
False
Is 55069 a prime number?
False
Is 496579 a prime number?
True
Is 427847 prime?
False
Is 1374929 composite?
False
Is 151121 a composite number?
False
Is 7981 a prime number?
False
Is 330383 prime?
True
Is 35023 a composite number?
False
Is 5671 prime?
False
Is 17729 prime?
True
Is 49139 composite?
False
Is 18337 a prime number?
False
Is 13247 prime?
False
Is 38383 composite?
True
Is 9745 prime?
False
Is 26489 a prime number?
True
Is 58451 composite?
False
Is 1112587 prime?
False
Is 14257 composite?
True
Is 37081 composite?
True
Is 3151 composite?
True
Is 36463 prime?
False
Is 3691 a composite number?
False
Is 154663 prime?
False
Is 3733 a composite number?
False
Is 2363 a composite number?
True
Is 30577 a composite number?
False
Is 9233 a composite number?
True
Is 1513 prime?
False
Is 12895 prime?
False
Is 159157 a composite number?
False
Is 4171 composite?
True
Is 7063 composite?
True
Is 416333 a composite number?
False
Is 119257 prime?
False
Is 46313 composite?
True
Is 187 prime?
False
Is 110077 a composite number?
True
Is 13883 composite?
False
Is 27689 a prime number?
True
Is 40263 a prime number?
False
Is 7639 a composite number?
False
Is 42905 composite?
True
Is 710911 a composite number?
False
Is 222247 prime?
True
Is 7493 a prime number?
False
Is 287942 composite?
True
Is 365578 a composite number?
True
Is 721343 prime?
False
Is 13001 a composite number?
False
Is 99871 prime?
True
Is 380879 a prime number?
True
Is 233837 a composite number?
False
Is 89207 prime?
False
Is 37423 a composite number?
False
Is 126393 a composite number?
True
Is 65035 prime?
False
Is 20401 a prime number?
False
Is 16769 a prime number?
False
Is 31241 a prime number?
False
Is 66709 a prime number?
False
Is 3966895 prime?
False
Is 28654 composite?
True
Is 80767 composite?
True
Is 93131 a prime number?
True
Is 37769 a composite number?
True
Is 24889 composite?
False
Is 51893 a composite number?
False
Is 8509 prime?
False
Is 38069 a prime number?
True
Is 6563 prime?
True
Is 115151 a prime number?
True
Is 25667 composite?
False
Is 68399 a prime number?
True
Is 5399 composite?
False
Is 3691 a prime number?
True
Is 69571 prime?
False
Is 2339021 a composite number?
False
Is 115403 a prime number?
False
Is 23401 a prime number?
False
Is 279689 composite?
False
Is 23477 a prime number?
False
Is 409189 a composite number?
True
Is 1311523 a prime number?
True
Is 28869 prime?
False
Is 1470503 a prime number?
False
Is 173251 a prime number?
False
Is 6469 a composite number?
False
Is 51511 a prime number?
True
Is 101323 prime?
True
Is 381 a composite number?
True
Is 1709927 a prime number?
False
Is 4861 a composite number?
False
Is 2762 composite?
True
Is 1823 a composite number?
False
Is 3517 a composite number?
False
Is 127637 a prime number?
True
Is 22739 a prime number?
True
Is 26081 prime?
False
Is 60719 a prime number?
True
Is 171485 a prime number?
False
Is 19661 prime?
True
Is 2055319 a composite number?
True
Is 569957 prime?
True
Is 74131 composite?
False
Is 104513 a composite number?
False
Is 504079 a composite number?
True
Is 199021 a composite number?
False
Is 167057 a composite number?
True
Is 38431 prime?
True
Is 50849 prime?
True
Is 103307 a prime number?
True
Is 56777 prime?
False
Is 3011 a composite number?
False
Is 821 a prime number?
True
Is 24671 prime?
True
Is 76661 a prime number?
False
Is 19529 a prime number?
False
Is 207989 prime?
False
Is 252055 composite?
True
Is 38149 a prime number?
True
Is 43261 a composite number?
False
Is 25339 a composite number?
False
Is 17291 a prime number?
True
Is 23605 a prime number?
False
Is 4703 composite?
False
Is 8419 a prime number?
True
Is 107999 a prime number?
True
Is 197339 composite?
False
Is 173237 prime?
False
Is 67679 composite?
False
Is 12481 composite?
True
Is 6434 composite?
True
Is 33527 a composite number?
True
Is 321611 prime?
True
Is 60805 a prime number?
False
Is 189235 prime?
False
Is 17041 composite?
False
Is 119533 a composite number?
False
Is 247957 a composite number?
False
Is 19043 a composite number?
True
Is 53047 a composite number?
False
Is 2362 a composite number?
True
Is 164473 a composite number?
True
Is 70637 prime?
False
Is 2483 a prime number?
False
Is 1131359 composite?
True
Is 3821 composite?
False
Is 158651 prime?
False
Is 7493 a composite number?
True
Is 913591 composite?
True
Is 427971 composite?
True
Is 9667 a composite number?
True
Is 10679 prime?
False
Is 4822 composite?
True
Is 62126 a prime number?
False
Is 677717 a prime number?
True
Is 189271 a prime number?
True
Is 24793 a composite number?
False
Is 220291 prime?
True
Is 126173 composite?
False
Is 6779 composite?
False
Is 102853 a composite number?
True
Is 7871 a composite number?
True
Is 1523 a prime number?
True
Is 75791 a composite number?
True
Is 79841 composite?
False
Is 304243 composite?
True
Is 31847 composite?
False
Is 989851 a prime number?
False
Is 30021 a prime number?
False
Is 171439 prime?
True
Is 10531 prime?
True
Is 60301 a prime number?
False
Is 830449 prime?
True
Is 251227 a composite number?
True
Is 66009 a prime number?
False
Is 12349 prime?
False
Is 147821 a prime number?
False
Is 43441 composite?
False
Is 11281 composite?
True
Is 759359 prime?
True
Is 63001 prime?
False
Is 2371 a prime number?
True
Is 433453 a composite number?
False
Is 14414 prime?
False
Is 4049 composite?
False
Is 71581 a prime number?
False
Is 20369 a prime number?
True
Is 17231 a composite number?
False
Is 24889 composite?
False
Is 15421 a prime number?
False
Is 1615738 a prime number?
False
Is 113462 a composite number?
True
Is 31953 composite?
True
Is 13931 composite?
False
Is 13253 prime?
False
Is 14509 a prime number?
False
Is 841097 prime?
True
Is 6341 a prime number?
False
Is 57269 prime?
True
Is 38993 a composite number?
False
Is 43391 a prime number?
True
Is 23299 a composite number?
True
Is 1761 composite?
True
Is 16573 a composite number?
False
Is 902665 a composite number?
True
Is 146599 prime?
False
Is 51839 prime?
True
Is 43699 a composite number?
True
Is 1109 a composite number?
False
Is 142261 prime?
False
Is 6931 prime?
False
Is 212743 a prime number?
False
Is 80651 a prime number?
True
Is 171383 a composite number?
False
Is 159 a prime number?
False
Is 73714 composite?
True
Is 11179 a composite number?
True
Is 89591 composite?
False
Is 110269 composite?
False
Is 3013 a compo